derivative of p(q). Give m(-4).
5
Let r(w) = 4*w**3 - w**2. Let l(i) = -3*i**3 - 17*i**2 - i - 31. Let x(m) = l(m) + r(m). Give x(18).
-49
Let x(a) = -9*a**2 + 15*a**2 + 2 + a - 4*a**2. Let w(h) be the third derivative of -h**4/24 + 23*h**3/6 - 51*h**2. Let o be w(21). What is x(o)?
12
Let j be 11/((-14)/126*18/(-2)). Let u(r) = j*r + 4 - 10 - 84*r**2 - 75*r**2 + 158*r**2. Calculate u(10).
4
Let r be (28/10)/((-6)/(-15)) - 1. Let q = 8 + -4. Let i(b) = -6*b + b**2 - q*b + b + 6 - 2. Give i(r).
-14
Suppose 168*c - 173*c = -q + 5, 11 = 2*c - 3*q. Let h(s) = s + 2*s + 3*s**2 + 2 + s. What is h(c)?
6
Suppose 2*y = p - 11, 2 - 3 = -2*y - 3*p. Let r(f) be the second derivative of -2/3*f**3 + 0 - 1/12*f**4 - 5/2*f**2 + 128*f. What is r(y)?
-5
Let d be 5*2 - (-1 - 1). Let k(s) = 5 - 12*s - 148*s**2 + 3*s**3 + 94*s**2 - 4*s**3 - 2 + 1 + 67*s**2. Give k(d).
4
Let c(h) = -2*h**2 - h - 15. Let y(v) = v**2 + 7. Let p(w) = 4*c(w) + 9*y(w). Determine p(11).
80
Let n = 4 - -1. Let s(h) = 1 - h + 1 - 7 + 20*h**2 - 2 + h**3 - 25*h**2 + 6. Calculate s(n).
-6
Let a(j) = -j**3 - 5*j**2 + 7*j. Let k be a(-6). Let i be (k/(-20) + (-4)/(-20))*2. Let s(x) = x + i + 2 - 3. Give s(0).
0
Let k(s) = s + s**2 - 858 + 435 + 424 + 2*s - 2*s**2. Let d(g) = -g. Let y be d(-3). Determine k(y).
1
Let t = 281 + -278. Let w(n) = -10*n + 16*n + t - 3*n. What is w(-8)?
-21
Let q(f) be the first derivative of f**3/3 - 7*f**2/2 + 32*f - 1471. Give q(5).
22
Let l(r) = r**3 + 6*r**2 + 5*r - 6. Let z(m) = m**2 + 15*m - 19. Let t be z(-17). Suppose -330*x = -333*x - t. Calculate l(x).
-6
Let l(k) = -9*k + 4. Let y(q) be the second derivative of -25*q**3/6 + 6*q**2 + 21*q. Let m(s) = 11*l(s) - 4*y(s). Determine m(2).
-2
Let j(v) = 2*v**2 + 2*v - 3. Let z(u) = -3*u**2 + 6*u + 107. Let o be z(7). Calculate j(o).
9
Suppose -5*i - 9 = 41. Let x(g) = -6*g**2 - 5*g - 3. Let r(v) = -7*v**2 - 4*v - 2. Let w(h) = -5*r(h) + 6*x(h). Calculate w(i).
-8
Let s(j) = j**3 - 3*j**2 - 5*j - 7. Let o(v) = 6*v + 173. Let z be o(-28). Suppose -5*a + 7*r + 17 = z*r, 5*r - 15 = a. Give s(a).
18
Suppose -4*v + 0 + 84 = 0. Suppose 2*k = -5*b + 81, 2*b = -0*b + 3*k + v. Suppose 13*a - b = -2*a. Let z(g) = 9*g + 1. Give z(a).
10
Suppose -12*m = -3434 + 3458. Let w(n) = -n + 2*n**2 + 1 + 0 - 3*n**2. Determine w(m).
-1
Let b = 2 + 3. Suppose 3*s + 5*k = 22, -34*k + 29*k - 34 = -s. Suppose -x + 5*f + 16 = -0*f, -s = x + b*f. Let u(h) = 8*h**2 + 2*h - 1. Determine u(x).
9
Suppose 3*j = 2*x + 6, -122*x + 4*j = -118*x. Let m(c) = -2*c + 2. What is m(x)?
-10
Let r(t) = 114*t**2 - 39*t + 21. Let k(p) = -62*p**2 + 21*p - 11. Let a(w) = -11*k(w) - 6*r(w). Calculate a(2).
-7
Let t(j) = -j**3 + 10*j**2 + 10*j + 13. Let x(o) = -3*o**2 + 2*o. Let r be x(0). Suppose 4*l = v + 43, -4*l + r*v - v + 45 = 0. Calculate t(l).
2
Let o(z) = 5 + 14 - z + 1 - 19. What is o(-14)?
15
Let c(a) = 3*a**2 - 2*a - 1. Let b(u) = -3*u - 11. Let l be b(-5). Suppose l*r - 4 = -2*t + 6*t, t + 3*r - 11 = 0. Give c(t).
7
Let u(r) = -59*r - 237. Let b be u(-4). Let d(x) be the third derivative of -7*x**4/6 - x**3/6 - x**2. Determine d(b).
27
Suppose 73*b - 60*b = -26. Let y be (b/6)/(3*4/(-144)). Let j(o) = 2*o + 4. Give j(y).
12
Let r(i) = -i**2 + 7*i - 5. Let m be 3/(-2) - (150/(-12) - -8). Suppose -z - m*w = 3, -4*z + 39 = -2*w - 3*w. Calculate r(z).
1
Let d = 63 - 69. Let l(b) = -3*b**2 - 17*b + 8. Let g be l(d). Let f(a) = -16*a**2 + g + 15*a**2 - 2*a + 0*a**2. Determine f(-2).
2
Let n be (0 + -4)*3/(-4). Let w(s) be the first derivative of 6 + 2*s - 1/2*s**2. Calculate w(n).
-1
Let a(y) = -28*y - 274. Let n(s) = 33*s + 272. Let o(x) = 5*a(x) + 4*n(x). What is o(-37)?
14
Let u(w) = 2*w + 869 - w - 431 - 437. Let q = -71 + 65. Let s(b) = 2*b**2 + 8*b - 16. Let y be s(q). Determine u(y).
9
Let i(w) = w - 3. Let h(g) be the third derivative of g**5/60 - 13*g**4/8 - 31*g**3/6 + 17*g**2. Let q be h(40). Determine i(q).
6
Let g(d) = 4*d**2 - 4*d - 25. Suppose -83*c = -106*c + 76*c + 159. Calculate g(c).
23
Let r(p) be the second derivative of -33*p**5/20 + p**3/6 - 55*p. Suppose 3*b = -3*d + 6, -d + b - 5*b + 11 = 0. Give r(d).
32
Let x(k) = k**2 + 8*k + 12. Suppose 3*f + 0*f = 3. Suppose -m + 2*d = 2, 5*d + f = 6*m - 2*m. Suppose -m*z = 3*z + 63. Determine x(z).
21
Suppose 0 = 5*d + 4*r - 28, 0 = -57*r + 61*r - 8. Let q(p) = p**2 + 12*p - 58. Give q(d).
6
Let k be (-60)/(-351)*13 + (-4)/18. Let w(s) = -1 - 3 + 2*s - s + 5*s. What is w(k)?
8
Let a(c) = 8*c + 262. Let v(r) = -24*r - 864. Let l(q) = 10*a(q) + 3*v(q). Determine l(12).
124
Let c = 1430 - 1430. Let t(s) be the second derivative of -s**5/20 - 4*s**2 + 3*s + 36. What is t(c)?
-8
Let k(j) = -3*j + 2. Let x be k(-1). Let z(i) = 25*i**2 + 3*i + 24. Let q(y) = 54*y**2 + 7*y + 52. Let a(d) = -6*q(d) + 13*z(d). Determine a(x).
10
Let r(d) = -d**2 + d + 10. Let p be r(3). Let b(i) = -10*i - 11. Let t(g) = -11*g - 12. Let x(j) = p*t(j) - 5*b(j). Give x(-5).
-23
Suppose -c = -5*x + 66, -2*x - 8 = -3*c - 24. Let j(r) = -5*r**2 + 65*r + 69. Determine j(x).
-1
Suppose 0 = -3*t + t - 8. Let x(l) = 10*l - 18*l**2 + 5 + 75*l**3 + 9*l - 18*l + 2*l + 22*l**2 - 74*l**3. Give x(t).
-7
Suppose -640 + 80 = 70*n + 560. Let t(a) = -5*a - 77. What is t(n)?
3
Let g(z) be the second derivative of -z**5/20 - z**4/2 - z**3/3 + z**2 - 180*z - 2. Let h = -26 + 21. What is g(h)?
-13
Let z(c) be the first derivative of c**3/3 - c**2/2 + 3*c - 129. Let b(k) be the first derivative of z(k). What is b(3)?
5
Let u = -30 + 37. Suppose 8*r = u*r + 8. Let l(x) be the second derivative of x**4/12 - 5*x**3/3 + 4*x**2 - 25*x. Determine l(r).
-8
Let o(h) be the second derivative of 7*h**3/3 + h**2 - 1302*h. Give o(1).
16
Let q(f) = 7*f + 4*f**2 + 3 - 3*f**2 - 6*f. Suppose 2*u + 2 = 2*l + 6, 5*l = u - 2. Suppose l = 3*b - a, -2*a = -5*b - 6*a. Determine q(b).
3
Let w(r) = 11*r**2 + 11*r + 1. Let k(p) = -13*p**2 - 12*p - 1. Let d(s) = -5*k(s) - 6*w(s). Let x = -1298 - -1291. What is d(x)?
-8
Let y(t) be the third derivative of t**4/24 - 2*t**3/3 - 6*t**2. Let i(d) = -d**3 + 3*d**2 + 6*d - 13. Let x be i(3). Give y(x).
1
Let w(b) = -3*b. Suppose 14*k = -10*k - 24. Suppose 2*u + 3 = -1. Let a(l) = l. Let q(h) = k*w(h) + u*a(h). Determine q(-1).
-1
Let y be 45/6*36/30. Suppose -31 = -5*b - 1. Suppose -27 = -y*p + b*p. Let v(t) = -t**2 + 8*t + 8. What is v(p)?
-1
Let t(a) = -a**2 + 20*a + 1. Let j = -4656 - -4676. What is t(j)?
1
Let o(i) = i**3 - 18*i**2 + 3*i - 13. Let j(m) = -11 + 323*m + 0*m**3 + m**3 - 321*m - 17*m**2 + 0*m**3. Let t(l) = 3*j(l) - 2*o(l). Calculate t(15).
-7
Let q(w) be the third derivative of 44*w**2 + 0*w - 1/6*w**3 + 1/3*w**4 + 0 + 1/60*w**5. What is q(-7)?
-8
Let l be 31/4 + (-2)/(-8). Suppose f + y = 6, 2*f - 3*f - 5*y - 10 = 0. Let o(t) = 21*t - f - 14*t - 6*t. What is o(l)?
-2
Let l be (-2)/3*(-6)/2. Let g(i) be the first derivative of 108 + 0*i**3 + i**2 + 1/4*i**4 - i. What is g(l)?
11
Let f be ((-4)/14 - (-24)/84) + 8. Suppose -4*z - f = 12, 2*z = -q - 13. Let v(m) = -m - 1. Let g(t) = 2*t + 3. Let l(j) = -2*g(j) - 5*v(j). Calculate l(q).
-4
Let w(g) = -2 + g**3 - 5*g**2 + 5*g + 2. Suppose 14*s = 66 + 4. Let t(r) = 10*r - 46. Let d be t(s). What is w(d)?
4
Suppose -4*h + 2*h - 2 = 0. Let t(m) = 10 + 3 - 17 - 10*m**2 + 3 + 2*m**2. Determine t(h).
-9
Let a(c) = -13*c**2 + 5*c - 81. Let g(z) = -5*z**2 + 4*z - 40. Let r(p) = -2*a(p) + 5*g(p). What is r(-13)?
1
Let g(l) = l**2 + 28. Let o be g(0). Let y be 2/5 + o/5. Let h(f) be the second derivative of -f**4/12 + 2*f**3/3 + 4*f**2 + 2*f - 3204. What is h(y)?
-4
Let n(b) = 11*b + 37. Let a(i) = 18*i + 34. Let k(z) = 2*a(z) - 3*n(z). What is k(13)?
-4
Let f(y) be the first derivative of -y**2 - 71*y - 5994. Calculate f(-24).
-23
Let a(u) be the first derivative of u**3/3 + 12*u**2 + 134*u + 1184. Give a(-16).
6
Let b(u) = -u**3 + 7*u**2 + 6*u + 11. Suppose -10*w + 14*w = 0. Let r be 6/(-12) + (w - (-17)/2). Calculate b(r).
-5
Let f(t) = -t**3 - 2*t**2 + 6*t + 5. Let h be -1*(-12)/10*(-10)/(-3). Suppose -24*v + h = -25*v. Give f(v).
13
Suppose -p - 2 = -3*p, -2*o - p + 5 = 0. Let s be ((-1)/(-2) - o)*-2. Let v(w) = 266*w - 78*w - 81*w + 1 - 105*w. Give v(s).
7
Let n(z) be the third derivative of -z**5/60 - 7*z**4/12 - 5*z**3/6 + 4*z**2. Let o be (-1)/((-88)/(-16) +